 + 101011111001?
101011111011
In base 6, what is 15 - -53?
112
In base 13, what is -202 - -18?
-1b7
In base 13, what is -a2 + -6?
-a8
In base 12, what is -1a8 + -5?
-1b1
In base 4, what is -1 - -1222030?
1222023
In base 2, what is 10 + -101?
-11
In base 14, what is 2 + 52?
54
In base 8, what is -232 + 1?
-231
In base 16, what is -39 + 3?
-36
In base 10, what is -4664 + 4?
-4660
In base 8, what is 2241 + -1?
2240
In base 12, what is -2a - -1a9?
17b
In base 7, what is 1 + 2?
3
In base 11, what is -88 - -68?
-20
In base 3, what is -2021 + -20?
-2111
In base 6, what is 1055 + -25?
1030
In base 13, what is -93 + 4?
-8c
In base 12, what is -2 - -17?
15
In base 8, what is 2 - 64?
-62
In base 14, what is -108 - -1?
-107
In base 12, what is -4 + -127?
-12b
In base 3, what is 1012121 + 2?
1012200
In base 9, what is -826 - 38?
-865
In base 15, what is 5 - 390?
-38a
In base 8, what is -2 - 622?
-624
In base 5, what is 0 + 414?
414
In base 15, what is -2d7d + -2?
-2d80
In base 6, what is -13514 + -5?
-13523
In base 13, what is -564 - -2?
-562
In base 13, what is -b6 - -87?
-2c
In base 9, what is 3 + -300?
-286
In base 12, what is -4 + -13b0?
-13b4
In base 11, what is -2323 + -4?
-2327
In base 5, what is -4021 - -2?
-4014
In base 5, what is 10 + 333?
343
In base 10, what is -5 + -129?
-134
In base 15, what is -3 - -63d?
63a
In base 8, what is 766 - 1?
765
In base 10, what is 15 - 7?
8
In base 10, what is -801 - 2?
-803
In base 8, what is 11 + -515?
-504
In base 16, what is 6cb2 - 5?
6cad
In base 2, what is -11 - 11111?
-100010
In base 13, what is 1 + 71?
72
In base 12, what is -179 + -4?
-181
In base 12, what is -10 - 11?
-21
In base 13, what is -4 - 56?
-5a
In base 6, what is -15 - -402?
343
In base 7, what is 400 - -2?
402
In base 9, what is 0 + 75?
75
In base 4, what is 0 + 201323?
201323
In base 13, what is 69 + 4?
70
In base 9, what is -1105 - -3?
-1102
In base 15, what is -1c7 + -3?
-1ca
In base 12, what is 37a8 - 0?
37a8
In base 7, what is 11534 - 1?
11533
In base 12, what is -3078 - -3?
-3075
In base 2, what is 1 + -10010001110?
-10010001101
In base 15, what is 63 - 0?
63
In base 6, what is 2 + -300?
-254
In base 7, what is 1543 - -2?
1545
In base 2, what is 1001000 - 11?
1000101
In base 4, what is -2012 + -10?
-2022
In base 14, what is 67c0 + -2?
67bc
In base 6, what is 154 - 3?
151
In base 4, what is 1 + 203?
210
In base 14, what is -151 + -2?
-153
In base 3, what is -221 + -12100?
-20021
In base 14, what is -2 + 5dd?
5db
In base 9, what is 158 - 2?
156
In base 10, what is 4034 + 5?
4039
In base 15, what is 2b3 - 24?
28e
In base 16, what is 2 - 5c?
-5a
In base 3, what is 2201001 - 0?
2201001
In base 16, what is 5a + 1?
5b
In base 13, what is -a1 + 5?
-99
In base 4, what is -20 + -22232?
-22312
In base 9, what is -3 + -3164?
-3167
In base 15, what is -2 - -1309?
1307
In base 16, what is 3 - 30?
-2d
In base 2, what is -101 - -101110?
101001
In base 3, what is 102001 + -11?
101220
In base 7, what is 1 - 12?
-11
In base 4, what is 132 + -12?
120
In base 7, what is 11 - -2016?
2030
In base 11, what is -6 - -151?
146
In base 12, what is -18 + 3?
-15
In base 6, what is 22 - -3255?
3321
In base 5, what is 3 + 104?
112
In base 2, what is 1011 - 1?
1010
In base 10, what is 3 + -17?
-14
In base 6, what is 1404 - 51?
1313
In base 10, what is 116 - -76?
192
In base 12, what is -4 + -1abb?
-1b03
In base 12, what is -1538 - 3?
-153b
In base 16, what is 51 + -5?
4c
In base 6, what is -4 + -1233?
-1241
In base 10, what is 404 + 0?
404
In base 8, what is 2 + 655?
657
In base 13, what is -10b - -5?
-106
In base 9, what is -10 - 46?
-56
In base 12, what is -a89 - -4?
-a85
In base 2, what is -11 + -1?
-100
In base 15, what is -5 - 4?
-9
In base 5, what is 22 - -4?
31
In base 14, what is -11c0 + 2?
-11bc
In base 10, what is -326 - 12?
-338
In base 12, what is 8 + 30?
38
In base 2, what is 11 - -111011001?
111011100
In base 4, what is -13110 + 10?
-13100
In base 12, what is -b8 - -7?
-b1
In base 14, what is -254 - -2?
-252
In base 6, what is -4 + 5025?
5021
In base 9, what is 4 - 2643?
-2638
In base 3, what is -10012 - 101?
-10120
In base 6, what is 1 + -141?
-140
In base 7, what is -4332 + -4?
-4336
In base 5, what is -11 + -131?
-142
In base 14, what is 19 + -b1?
-96
In base 4, what is -11 - 3222?
-3233
In base 8, what is 2 + -42?
-40
In base 13, what is 203 - -4?
207
In base 10, what is 1 - -3739?
3740
In base 12, what is 47 + 60?
a7
In base 5, what is -23420 - -11?
-23404
In base 12, what is 172 - -1?
173
In base 9, what is 65 + -104?
-28
In base 2, what is -10011110 - 10?
-10100000
In base 5, what is 144103 - 10?
144043
In base 13, what is 4 + 56a?
571
In base 11, what is 1 - -114?
115
In base 9, what is -23 + -52?
-75
In base 14, what is -2025 + 4?
-2021
In base 14, what is 6b - 5?
66
In base 16, what is -8 + -3?
-b
In base 9, what is -27 + -1?
-28
In base 2, what is -1111 - -110?
-1001
In base 7, what is 1 + 306?
310
In base 4, what is -1031 + 11?
-1020
In base 8, what is -24 - -422?
376
In base 11, what is -348 - 8?
-355
In base 5, what is -4420 - 1?
-4421
In base 6, what is 3 - -20?
23
In base 6, what is -10 - -215?
205
In base 12, what is 2 + -130?
-12a
In base 9, what is 0 + -102?
-102
In base 6, what is 1452 - 4?
1444
In base 5, what is 101 + -141?
-40
In base 4, what is 11 + 310102?
310113
In base 13, what is 2 + 0?
2
In base 16, what is 108 - 2e?
da
In base 11, what is 60 - 0?
60
In base 12, what is 3 + 68?
6b
In base 12, what is -15 - -5a?
45
In base 12, what is 125 - -2?
127
In base 4, what is 100200 - 10?
100130
In base 10, what is 4 - -124?
128
In base 2, what is -100111 - -1000?
-11111
In base 6, what is -1104 - 3?
-1111
In base 8, what is -5670 - -1?
-5667
In base 15, what is -5ad9 - -5?
-5ad4
In base 5, what is -3 - 44022?
-44030
In base 7, what is 4 + 124?
131
In base 3, what is -11 - -11?
0
In base 4, what is -11131 - -32?
-11033
In base 12, what is -68 - -1?
-67
In base 12, what is 40 - -6?
46
In base 3, what is -11 - 1220?
-2001
In base 12, what is -1 - 39?
-3a
In base 9, what is -7 + 30?
22
In base 10, what is 104 - 2?
102
In base 11, what is -5 - 252a?
-2534
In base 15, what is -5 - 338?
-33d
In base 5, what is -3232 + -4?
-3241
In base 5, what is -4 - 1212?
-1221
In base 9, what is 1 + -11582?
-11581
In base 13, what is -16 - -11?
-5
In base 5, what is -2 + 24124?
24122
In base 6, what is -445 + -31?
-520
In base 8, what is 217 - 3?
214
In base 10, what is 50 - -9?
59
In base 11, what is -4 + -1444?
-1448
In base 12, what is 0 + -52?
-52
In base 4, what is 112 + 100233?
101011
In base 3, what is 12000012 - -10?
12000022
In base 5, what is 212 + -3?
204
In base 14, what is 4 + b1?
b5
In base 8, what is -5 + 2162?
2155
In base 8, what is -2 + 1004?
1002
In base 13, what is -905 - 2?
-907
In base 6, what is 4 - -30?
34
In base 15, what is e - 91?
-82
In base 15, what is 13 - -c?
20
In base 5, what is -20042 + 1?
-20041
In base 16, what is -5 + -20c?
-211
In base 3, what is 100112 - 10?
100102
In base 15, what is ed - -b?
109
In base 14, what is -d - 124?
-133
In base 8, what is 3764 + -2?
3762
In base 11, what is 2 - -97?
99
In base 16, what is 5 - 34a?
-345
In base 8, what is 205 + -4?
201
In base 16, what is b75 - -1?
b76
In base 12, what is 0 + -1?
-1
In base 10, what is 3 - -5546?
5549
In base 12, what is -8b - 7?
-96
In base 13, what is -130 - -8?
-125
In base 9, what is 8 + 18?
27
In base 5, what is -11 + -32102?
-32113
In base 2, what is 10 - 11000100?
-11000010
In base 16, what is 9 - f42?
-f39
In base 8, what is -606 + 10?
-576
In base 4, what is -120331 - 0?
-120331
In base 6, what is -1052 - -12?
-1040
In base 4, what is -3 - 111213?
-111222
In base 8, what is 27 - -6?
35
In base 5, what is -2443 - -2?
-2441
In base 2, what is -1000001101101 - -1?
-1000001101100
In base 16, what is -4b + -1?
-4c
In base 12, what is 3 + -19?
-16
In base 7, what is 2155 - -5?
2163
In base 2, what is 0 + 101110101?
101110101
In base 9, what is 2 + -1074?
-1072
In base 12, what is -4 - -9b?
97
In base 6, what is -100 - 21?
-121
In base 15, what is -10 - -39?
29
In base 9, what is 285 - -71?
366
In base 11, what is 0 - -146?
146
In base 6, what is 215 - -52?
311
In base 9, what is -526 + 10?
-516
In base 6, what is -412 - 1?
-413
In base 14, what is 1